, 31
List the prime factors of 753.
3, 251
List the prime factors of 4273.
4273
List the prime factors of 890.
2, 5, 89
What are the prime factors of 2077?
31, 67
What are the prime factors of 3218?
2, 1609
List the prime factors of 9550.
2, 5, 191
What are the prime factors of 21223?
19, 1117
List the prime factors of 6016.
2, 47
What are the prime factors of 324?
2, 3
List the prime factors of 25282.
2, 12641
List the prime factors of 2947.
7, 421
List the prime factors of 1737.
3, 193
What are the prime factors of 3250?
2, 5, 13
What are the prime factors of 159769?
159769
What are the prime factors of 2988?
2, 3, 83
What are the prime factors of 1650?
2, 3, 5, 11
What are the prime factors of 1033?
1033
List the prime factors of 2159.
17, 127
What are the prime factors of 480?
2, 3, 5
List the prime factors of 27562.
2, 13781
List the prime factors of 1293.
3, 431
What are the prime factors of 164285?
5, 11, 29, 103
List the prime factors of 1403.
23, 61
What are the prime factors of 2302?
2, 1151
What are the prime factors of 1985?
5, 397
What are the prime factors of 89166?
2, 3, 7, 11, 193
What are the prime factors of 241?
241
What are the prime factors of 1034?
2, 11, 47
List the prime factors of 125091.
3, 41, 113
List the prime factors of 29.
29
List the prime factors of 1238.
2, 619
List the prime factors of 763.
7, 109
What are the prime factors of 714?
2, 3, 7, 17
What are the prime factors of 2792?
2, 349
List the prime factors of 5373.
3, 199
List the prime factors of 11686.
2, 5843
List the prime factors of 4552.
2, 569
What are the prime factors of 401?
401
List the prime factors of 13861.
83, 167
List the prime factors of 176.
2, 11
What are the prime factors of 2691?
3, 13, 23
List the prime factors of 2684.
2, 11, 61
What are the prime factors of 812?
2, 7, 29
List the prime factors of 33560.
2, 5, 839
List the prime factors of 1079.
13, 83
List the prime factors of 19110.
2, 3, 5, 7, 13
What are the prime factors of 117?
3, 13
List the prime factors of 567.
3, 7
What are the prime factors of 2415?
3, 5, 7, 23
List the prime factors of 25292.
2, 6323
What are the prime factors of 724?
2, 181
What are the prime factors of 198?
2, 3, 11
List the prime factors of 12205.
5, 2441
What are the prime factors of 31447?
13, 41, 59
List the prime factors of 435.
3, 5, 29
What are the prime factors of 106362?
2, 3, 19, 311
List the prime factors of 22799.
7, 3257
List the prime factors of 3781.
19, 199
What are the prime factors of 951?
3, 317
What are the prime factors of 664?
2, 83
What are the prime factors of 34423?
29, 1187
What are the prime factors of 1870?
2, 5, 11, 17
What are the prime factors of 1578?
2, 3, 263
List the prime factors of 825.
3, 5, 11
List the prime factors of 1845.
3, 5, 41
What are the prime factors of 3283?
7, 67
List the prime factors of 8914.
2, 4457
List the prime factors of 45278.
2, 22639
What are the prime factors of 700?
2, 5, 7
What are the prime factors of 42124?
2, 10531
What are the prime factors of 2823?
3, 941
What are the prime factors of 90?
2, 3, 5
What are the prime factors of 334?
2, 167
What are the prime factors of 1155?
3, 5, 7, 11
What are the prime factors of 60483?
3, 20161
List the prime factors of 12902.
2, 6451
List the prime factors of 49241.
41, 1201
What are the prime factors of 15476?
2, 53, 73
What are the prime factors of 2222?
2, 11, 101
What are the prime factors of 2965?
5, 593
What are the prime factors of 627?
3, 11, 19
What are the prime factors of 490?
2, 5, 7
List the prime factors of 2316.
2, 3, 193
List the prime factors of 1222.
2, 13, 47
What are the prime factors of 33322?
2, 16661
What are the prime factors of 138153?
3, 46051
What are the prime factors of 3974?
2, 1987
What are the prime factors of 1115?
5, 223
What are the prime factors of 3463?
3463
List the prime factors of 24838.
2, 11, 1129
List the prime factors of 2757.
3, 919
List the prime factors of 5681.
13, 19, 23
What are the prime factors of 404?
2, 101
What are the prime factors of 442?
2, 13, 17
What are the prime factors of 1104?
2, 3, 23
What are the prime factors of 531?
3, 59
List the prime factors of 641.
641
List the prime factors of 105296.
2, 6581
List the prime factors of 5334.
2, 3, 7, 127
What are the prime factors of 6622?
2, 7, 11, 43
List the prime factors of 127632.
2, 3, 2659
What are the prime factors of 2030?
2, 5, 7, 29
What are the prime factors of 11649?
3, 11, 353
What are the prime factors of 1219?
23, 53
List the prime factors of 61407.
3, 6823
List the prime factors of 11358.
2, 3, 631
What are the prime factors of 81025?
5, 7, 463
List the prime factors of 50459.
50459
List the prime factors of 1295.
5, 7, 37
List the prime factors of 3325.
5, 7, 19
List the prime factors of 12385.
5, 2477
List the prime factors of 1035.
3, 5, 23
List the prime factors of 552.
2, 3, 23
List the prime factors of 237.
3, 79
What are the prime factors of 23848?
2, 11, 271
What are the prime factors of 81?
3
List the prime factors of 10222.
2, 19, 269
List the prime factors of 64357.
139, 463
List the prime factors of 1637.
1637
List the prime factors of 382.
2, 191
What are the prime factors of 9006?
2, 3, 19, 79
List the prime factors of 3466.
2, 1733
List the prime factors of 1898.
2, 13, 73
List the prime factors of 4216.
2, 17, 31
List the prime factors of 13498.
2, 17, 397
List the prime factors of 17568.
2, 3, 61
What are the prime factors of 6476?
2, 1619
List the prime factors of 402.
2, 3, 67
What are the prime factors of 6765?
3, 5, 11, 41
List the prime factors of 934.
2, 467
What are the prime factors of 143373?
3, 47791
List the prime factors of 51939.
3, 29, 199
What are the prime factors of 780?
2, 3, 5, 13
What are the prime factors of 845?
5, 13
What are the prime factors of 37444?
2, 11, 23, 37
What are the prime factors of 12173?
7, 37, 47
List the prime factors of 405.
3, 5
What are the prime factors of 95308?
2, 23827
List the prime factors of 9220.
2, 5, 461
List the prime factors of 12045.
3, 5, 11, 73
What are the prime factors of 38777?
17, 2281
List the prime factors of 2201.
31, 71
List the prime factors of 554.
2, 277
List the prime factors of 9888.
2, 3, 103
List the prime factors of 24871.
7, 11, 17, 19
List the prime factors of 84766.
2, 11, 3853
List the prime factors of 5348.
2, 7, 191
What are the prime factors of 18076?
2, 4519
What are the prime factors of 68092?
2, 29, 587
What are the prime factors of 43874?
2, 21937
What are the prime factors of 8270?
2, 5, 827
What are the prime factors of 556?
2, 139
What are the prime factors of 4623?
3, 23, 67
List the prime factors of 169.
13
List the prime factors of 5793.
3, 1931
What are the prime factors of 20109?
3, 6703
List the prime factors of 23153.
13, 137
List the prime factors of 20049.
3, 41, 163
List the prime factors of 585.
3, 5, 13
What are the prime factors of 17107?
17107
List the prime factors of 14347.
14347
What are the prime factors of 48764?
2, 73, 167
What are the prime factors of 3030?
2, 3, 5, 101
List the prime factors of 2256.
2, 3, 47
List the prime factors of 8577.
3, 953
List the prime factors of 4599.
3, 7, 73
List the prime factors of 1162.
2, 7, 83
List the prime factors of 10605.
3, 5, 7, 101
List the prime factors of 4165.
5, 7, 17
List the prime factors of 5414.
2, 2707
List the prime factors of 6800.
2, 5, 17
List the prime factors of 3444.
2, 3, 7, 41
What are the prime factors of 9089?
61, 149
What are the prime factors of 449?
449
What are the prime factors of 38111?
23, 1657
What are the prime factors of 152431?
313, 487
What are the prime factors of 12151?
29, 419
What are the prime factors of 3172?
2, 13, 61
What are the prime factors of 17031?
3, 7, 811
List the prime factors of 15023.
83, 181
What are the prime factors of 3135?
3, 5, 11, 19
What are the prime factors of 966?
2, 3, 7, 23
List the prime factors of 25384.
2, 19, 167
List the prime factors of 6353.
6353
What are the prime factors of 16901?
16901
List the prime factors of 737.
11, 67
What are the prime factors of 18346?
2, 9173
List the prime factors of 8421.
3, 7, 401
List the prime factors of 579.
3, 193
List the prime factors of 1708.
2, 7, 61
List the prime factors of 362.
2, 181
What are the